{"id":23,"date":"2016-06-13T19:55:38","date_gmt":"2016-06-13T19:55:38","guid":{"rendered":"http:\/\/www.unterealp-jenzer.de\/?page_id=23"},"modified":"2023-05-08T07:53:34","modified_gmt":"2023-05-08T07:53:34","slug":"verkauf","status":"publish","type":"page","link":"http:\/\/www.unterealp-jenzer.de\/?page_id=23","title":{"rendered":"Verkauf"},"content":{"rendered":"\n<p>Momentan sind keine Pferde zu Verkaufen<\/p>\n\n\n\n<p><strong>Verkauft<\/strong><\/p>\n\n\n\n<p>DE2021110972 &#8211; <strong>Bl\u00e6var<\/strong> von der Unteren Alp, <strong>Verkauft 2023<\/strong><\/p>\n\n\n\n<p>Junghengst mit herausragender Abstammung. 2021 geboren, Fuchsfalbe mit Stern und Schnippe. Sehr h\u00fcbsches Pferd, gross und kr\u00e4ftig mit viel T\u00f6lt.<\/p>\n\n\n\n<figure class=\"wp-block-image size-full is-resized\"><img loading=\"lazy\" decoding=\"async\" src=\"http:\/\/www.unterealp-jenzer.de\/wp-content\/uploads\/2021\/10\/DSC_4846.jpg\" alt=\"\" class=\"wp-image-459\" width=\"295\" height=\"196\" srcset=\"http:\/\/www.unterealp-jenzer.de\/wp-content\/uploads\/2021\/10\/DSC_4846.jpg 1024w, http:\/\/www.unterealp-jenzer.de\/wp-content\/uploads\/2021\/10\/DSC_4846-300x200.jpg 300w, http:\/\/www.unterealp-jenzer.de\/wp-content\/uploads\/2021\/10\/DSC_4846-768x512.jpg 768w, http:\/\/www.unterealp-jenzer.de\/wp-content\/uploads\/2021\/10\/DSC_4846-624x416.jpg 624w\" sizes=\"(max-width: 295px) 100vw, 295px\" \/><\/figure>\n\n\n\n<p>DE2019210082 <strong>Framtid<\/strong> von der Unteren Alp, Fuchs mit Blesse, 2019 auf der Unteren Alp geboren. <strong>Verkauft 2022<\/strong><\/p>\n\n\n\n<figure class=\"wp-block-image size-large is-resized\"><img loading=\"lazy\" decoding=\"async\" src=\"http:\/\/www.unterealp-jenzer.de\/wp-content\/uploads\/2021\/12\/P1060067mittel.jpg\" alt=\"\" class=\"wp-image-466\" width=\"288\" height=\"192\" srcset=\"http:\/\/www.unterealp-jenzer.de\/wp-content\/uploads\/2021\/12\/P1060067mittel.jpg 1024w, http:\/\/www.unterealp-jenzer.de\/wp-content\/uploads\/2021\/12\/P1060067mittel-300x200.jpg 300w, http:\/\/www.unterealp-jenzer.de\/wp-content\/uploads\/2021\/12\/P1060067mittel-768x512.jpg 768w, http:\/\/www.unterealp-jenzer.de\/wp-content\/uploads\/2021\/12\/P1060067mittel-624x416.jpg 624w\" sizes=\"(max-width: 288px) 100vw, 288px\" \/><\/figure>\n\n\n<p>DE2016110278 <strong>Arion<\/strong> von der Unteren Alp, Fuchs, Wallach, 2016 auf der Unteren Alp geboren, <strong>Verkauft 2020<\/strong><\/p>\n<p><img loading=\"lazy\" decoding=\"async\" class=\"alignnone size-medium wp-image-327\" src=\"http:\/\/www.unterealp-jenzer.de\/wp-content\/uploads\/2016\/06\/DSC_3893-300x200.jpg\" alt=\"\" width=\"300\" height=\"200\" srcset=\"http:\/\/www.unterealp-jenzer.de\/wp-content\/uploads\/2016\/06\/DSC_3893-300x200.jpg 300w, http:\/\/www.unterealp-jenzer.de\/wp-content\/uploads\/2016\/06\/DSC_3893-768x512.jpg 768w, http:\/\/www.unterealp-jenzer.de\/wp-content\/uploads\/2016\/06\/DSC_3893-1024x683.jpg 1024w, http:\/\/www.unterealp-jenzer.de\/wp-content\/uploads\/2016\/06\/DSC_3893-624x416.jpg 624w\" sizes=\"(max-width: 300px) 100vw, 300px\" \/><\/p>\n<p><\/p>\n<p>DE2016110121 <strong>Reifur von der Unteren Alp, <\/strong>Fuchsschecke, Wallach, &nbsp;2016 auf der Unteren Alp geboren, <strong>Verkauft 2020<\/strong><\/p>\n<p><a href=\"http:\/\/www.unterealp-jenzer.de\/wp-content\/uploads\/2016\/06\/DSC_8027.jpg\" target=\"_blank\" rel=\"noopener\"><img loading=\"lazy\" decoding=\"async\" class=\"alignnone wp-image-252 size-medium\" src=\"http:\/\/www.unterealp-jenzer.de\/wp-content\/uploads\/2016\/06\/DSC_8027-300x200.jpg\" alt=\"\" width=\"300\" height=\"200\" srcset=\"http:\/\/www.unterealp-jenzer.de\/wp-content\/uploads\/2016\/06\/DSC_8027-300x200.jpg 300w, http:\/\/www.unterealp-jenzer.de\/wp-content\/uploads\/2016\/06\/DSC_8027-768x512.jpg 768w, http:\/\/www.unterealp-jenzer.de\/wp-content\/uploads\/2016\/06\/DSC_8027.jpg 1024w, http:\/\/www.unterealp-jenzer.de\/wp-content\/uploads\/2016\/06\/DSC_8027-624x416.jpg 624w\" sizes=\"(max-width: 300px) 100vw, 300px\" \/><\/a><\/p>\n<p><\/p>\n<p><strong>Gj\u00f3na von der Unteren Alp<\/strong>, Rappe, 2012 auf der Unteren Alp geboren,&nbsp; <strong>Verkauft 2019<br><\/strong><\/p>\n<p><a href=\"http:\/\/www.unterealp-jenzer.de\/wp-content\/uploads\/2016\/06\/20180420_0937020.jpg\" target=\"_blank\" rel=\"noopener\"><img loading=\"lazy\" decoding=\"async\" class=\"alignnone wp-image-236 size-medium\" src=\"http:\/\/www.unterealp-jenzer.de\/wp-content\/uploads\/2016\/06\/DSC_2900-199x300.jpg\" alt=\"\" width=\"199\" height=\"300\" srcset=\"http:\/\/www.unterealp-jenzer.de\/wp-content\/uploads\/2016\/06\/DSC_2900-199x300.jpg 199w, http:\/\/www.unterealp-jenzer.de\/wp-content\/uploads\/2016\/06\/DSC_2900.jpg 510w\" sizes=\"(max-width: 199px) 100vw, 199px\" \/><img loading=\"lazy\" decoding=\"async\" class=\"alignnone wp-image-264\" src=\"http:\/\/www.unterealp-jenzer.de\/wp-content\/uploads\/2016\/06\/20180420_0937020-300x225.jpg\" alt=\"\" width=\"400\" height=\"300\" srcset=\"http:\/\/www.unterealp-jenzer.de\/wp-content\/uploads\/2016\/06\/20180420_0937020-300x225.jpg 300w, http:\/\/www.unterealp-jenzer.de\/wp-content\/uploads\/2016\/06\/20180420_0937020-768x576.jpg 768w, http:\/\/www.unterealp-jenzer.de\/wp-content\/uploads\/2016\/06\/20180420_0937020-1024x768.jpg 1024w, http:\/\/www.unterealp-jenzer.de\/wp-content\/uploads\/2016\/06\/20180420_0937020-624x468.jpg 624w\" sizes=\"(max-width: 400px) 100vw, 400px\" \/><\/a><\/p>\n<p><\/p>\n<p><strong>Alfari<\/strong> von der Unteren Alp, Fuchs mit Stern, <strong>Verkauft 2019<br><\/strong><\/p>\n<p><a href=\"http:\/\/www.unterealp-jenzer.de\/wp-content\/uploads\/2016\/08\/DSC_3771.jpg\" target=\"_blank\" rel=\"noopener\"><img loading=\"lazy\" decoding=\"async\" class=\"alignnone wp-image-284 size-medium\" src=\"http:\/\/www.unterealp-jenzer.de\/wp-content\/uploads\/2016\/08\/DSC_3771-300x200.jpg\" alt=\"\" width=\"300\" height=\"200\" srcset=\"http:\/\/www.unterealp-jenzer.de\/wp-content\/uploads\/2016\/08\/DSC_3771-300x200.jpg 300w, http:\/\/www.unterealp-jenzer.de\/wp-content\/uploads\/2016\/08\/DSC_3771-768x512.jpg 768w, http:\/\/www.unterealp-jenzer.de\/wp-content\/uploads\/2016\/08\/DSC_3771.jpg 1024w, http:\/\/www.unterealp-jenzer.de\/wp-content\/uploads\/2016\/08\/DSC_3771-624x416.jpg 624w\" sizes=\"(max-width: 300px) 100vw, 300px\" \/><\/a><\/p>\n\n\n<p><\/p>\n","protected":false},"excerpt":{"rendered":"<p>Momentan sind keine Pferde zu Verkaufen Verkauft DE2021110972 &#8211; Bl\u00e6var von der Unteren Alp, Verkauft 2023 Junghengst mit herausragender Abstammung. 2021 geboren, Fuchsfalbe mit Stern und Schnippe. Sehr h\u00fcbsches Pferd, gross und kr\u00e4ftig mit viel T\u00f6lt. DE2019210082 Framtid von der Unteren Alp, Fuchs mit Blesse, 2019 auf der Unteren Alp geboren. Verkauft 2022 DE2016110278 Arion [&hellip;]<\/p>\n","protected":false},"author":1,"featured_media":0,"parent":0,"menu_order":0,"comment_status":"closed","ping_status":"closed","template":"","meta":{"ngg_post_thumbnail":0,"footnotes":""},"_links":{"self":[{"href":"http:\/\/www.unterealp-jenzer.de\/index.php?rest_route=\/wp\/v2\/pages\/23"}],"collection":[{"href":"http:\/\/www.unterealp-jenzer.de\/index.php?rest_route=\/wp\/v2\/pages"}],"about":[{"href":"http:\/\/www.unterealp-jenzer.de\/index.php?rest_route=\/wp\/v2\/types\/page"}],"author":[{"embeddable":true,"href":"http:\/\/www.unterealp-jenzer.de\/index.php?rest_route=\/wp\/v2\/users\/1"}],"replies":[{"embeddable":true,"href":"http:\/\/www.unterealp-jenzer.de\/index.php?rest_route=%2Fwp%2Fv2%2Fcomments&post=23"}],"version-history":[{"count":38,"href":"http:\/\/www.unterealp-jenzer.de\/index.php?rest_route=\/wp\/v2\/pages\/23\/revisions"}],"predecessor-version":[{"id":512,"href":"http:\/\/www.unterealp-jenzer.de\/index.php?rest_route=\/wp\/v2\/pages\/23\/revisions\/512"}],"wp:attachment":[{"href":"http:\/\/www.unterealp-jenzer.de\/index.php?rest_route=%2Fwp%2Fv2%2Fmedia&parent=23"}],"curies":[{"name":"wp","href":"https:\/\/api.w.org\/{rel}","templated":true}]}}